-6 + 2 + 4
4
What is the value of 29 + -38 - (1 - 9)?
-1
What is the value of 1 + (-5 - 0) - (-2 + 1)?
-3
What is -2 - -1 - (6 + -7 + 1)?
-1
3 + 2 + -4 - (40 + -48)
9
What is -1 + -2 + 1 - -6?
4
9 + (-2 - (6 - 4))
5
What is -2 - (1 + 5 - 7)?
-1
What is -14 - (-7 + (-5 - -2 - -2))?
-6
Evaluate 9 + 0 + 29 + -15 + -16.
7
What is the value of 39 + -47 + (2 - -1) + -3?
-8
13 - (5 + 6) - (0 + 7)
-5
Evaluate 2 - (1 + (1 - (-1 - 2))).
-3
What is the value of 6 + (7 - (-5 - -23))?
-5
What is (2 - 9) + -5 + 8?
-4
What is (-2 - 4) + 2 + (3 - -5)?
4
What is -3 + (1 - (-4 + -2) - 5)?
-1
What is 5 + -2 + -15 - -7?
-5
Calculate 2 - (1 - (4 + -3)).
2
-1 - 0 - (-1 + 8 - 9)
1
What is -11 - (13 - (15 + 12))?
3
Evaluate (-9 - -19 - 6) + -13.
-9
What is the value of 4 - (7 - (4 - 1 - 0))?
0
Evaluate 12 - (9 - 7) - 13.
-3
Evaluate -95 + 98 + 0 + -9.
-6
What is the value of 0 + 8 + -1 - 2?
5
Calculate 5 - (-4 - (3 + -17)).
-5
-7 + ((5 - 9) + 2 - -1)
-8
What is 11 + -1 - (-4 + 9)?
5
Evaluate -1 + 0 - ((-4 - -5) + 1).
-3
Evaluate 6 + (-7 - (-5 + 0 + 2)).
2
Evaluate (-5 - -2) + -3 + 1 + 0.
-5
Evaluate -5 + 4 + 12 - 7.
4
What is 4 + -1 + 2 - 6?
-1
What is the value of (-1 - -3) + -3 + 0?
-1
(-3 - -3) + (1 - -1) + -5
-3
What is the value of -1 + -7 + 9 - 0?
1
What is (1 + 3 - 5) + (2 - 4)?
-3
What is 0 + -12 + 78 + -70?
-4
-4 - (-8 - -5 - (-1 + 2))
0
Evaluate (-9 - -12 - -8) + -7.
4
Evaluate 1 + -1 - (-23 - -22) - 8.
-7
What is (9 - 6) + -6 + (-1 - 1)?
-5
Evaluate (1 - (0 - -1)) + 3 + 3.
6
(-1 - 6) + (1 - 5 - -6)
-5
What is (-6 - 4) + -4 + 10?
-4
What is the value of (7 - -4) + -5 - 4?
2
Calculate 1 - 1 - (4 + -3 + -3).
2
What is 3 - (2 - -1 - (-10 - -8))?
-2
Calculate (2 - 9) + 4 - -4.
1
Evaluate (1 + -5 - -8) + -2.
2
Calculate -1 - 0 - (6 - 7).
0
What is the value of (-10 - -26) + -5 + -7?
4
(1 - 12) + 16 - (-1 + -1)
7
Calculate 5 + (-5 + 4 + -6 - 1).
-3
What is 19 + (-5 - 5) - 8?
1
What is the value of -5 - (7 + -5 + -4)?
-3
Evaluate 9 - (-5 - (5 + -12)).
7
Calculate -6 - (-1 - (5 - (5 + -1))).
-4
Calculate 1 - (-1 - 0 - (-2 + 0)).
0
What is the value of 1 - 8 - (0 + 20 + -17)?
-10
What is the value of -7 + (1 + -11 - -11)?
-6
Evaluate 11 - ((-2 - -18) + -5).
0
Evaluate (-12 - -13) + (1 - 1) + 6.
7
Calculate -7 - (-7 + 3) - -6.
3
What is -2 + 2 + -4 - (-2 - 1)?
-1
Evaluate -30 - -28 - (1 + -6).
3
What is (-6 - -9) + (-2 - (-9 + 3))?
7
Evaluate 1 - (-1 - (1 - (2 + 1))).
0
Evaluate -4 + 2 + 4 + 0.
2
Calculate -4 + -2 + -1 + 6 + -5.
-6
(3 - (9 + -5 - 0)) + -1
-2
Calculate 3 - 7 - -11 - (0 + 2).
5
Evaluate 0 - (-2 + 2) - 4.
-4
Evaluate 2 - (-2 + (-3 - -6)) - 5.
-4
What is the value of (-3 + 2 - -4) + -1 - 6?
-4
Evaluate 1 + -2 + -40 + 46.
5
What is the value of -8 + 4 + (-4 - -1) + 4?
-3
What is the value of 2 + 0 - 7 - -4?
-1
What is (4 - 12 - -4) + -3 + -2?
-9
What is 5 + -1 - 1 - 3?
0
What is the value of 7 + -4 + (-5 - -9)?
7
Evaluate (-5 - (4 + -4 + -3)) + 3.
1
-9 + 2 + 0 + 2
-5
What is (0 - -9) + -23 - -8?
-6
-1 + -3 + -2 + 2 - 0
-4
Evaluate (1 - (-1 - 9)) + -14.
-3
Evaluate -3 + -2 + 27 + -28.
-6
-5 - (-3 + -1 - (-18 + 14))
-5
Evaluate (0 - 4 - -1) + 2.
-1
Evaluate (1 - -1) + (-16 - -10).
-4
13 + -14 - (8 - 2) - -15
8
What is -8 + 5 - 0 - (-2 - -1)?
-2
Calculate -11 - -1 - -16 - (2 + 5).
-1
What is the value of 7 + -1 - (-106 - -113)?
-1
Evaluate 1 + -6 + 4 + -1.
-2
What is the value of 15 + -31 - -21 - (-1 - 2)?
8
Calculate 21 + -19 + (-3 - 3) + 7.
3
7 + -3 - (-9 - -19)
-6
What is (0 - 2) + 8 + (9 - 11)?
4
-8 + (13 - (11 + -3))
-3
Calculate (9 - 12) + (0 - -3 - 0).
0
What is 4 + -5 + -2 - (4 - 2)?
-5
5 + (2 + -6 - 0)
1
What is 2 - -4 - (0 + 2)?
4
Calculate (10 - 4) + (-3 - -1).
4
Evaluate (-1 - -2 - 1) + (-6 - -1).
-5
What is the value of -5 + (-2 - (-6 - -3)) - 5?
-9
Evaluate -6 + 4 + (-8 - -15).
5
(-7 - 0) + 2 + (1 - -9)
5
Evaluate 0 + -3 + (8 - 3).
2
What is 1 - 3 - (0 + 4 - 2)?
-4
What is the value of (0 - -5) + -4 - (4 - 1)?
-2
Calculate 1 + 2 + -2 + 2.
3
(3 - ((3 - 6) + 12)) + 0
-6
6 + -13 + 1 + -2
-8
What is -3 + 0 - (0 - (-2 - -3))?
-2
Evaluate 5 + -8 + 0 + 3 - 5.
-5
What is (1 - 2 - 2) + (13 - 15)?
-5
What is 2 - (-11 + 3) - 7?
3
What is the value of 5 + (-2 + 3 - 1)?
5
Calculate 6 + -6 + 0 + 4.
4
What is the value of 6 + -10 + 12 + -1?
7
What is 1 + (-29 - -7) + 12?
-9
Calculate (-16 - -28) + 0 + (2 - 6).
8
4 + -3 + (0 - (4 + -6))
3
What is (-3 + -3 - -7) + -2?
-1
Evaluate -1 + -2 + 2 + 3 + -2.
0
Evaluate 7 + (-20 - -2 - -8).
-3
Evaluate -1 + (6 - (-6 + 2)).
9
Calculate (-1 - -3) + (-1 - 0) + -3.
-2
Evaluate -1 + (2 - (-4 - -4)).
1
Evaluate -3 - (-1 - 3) - (7 + -7).
1
-4 + 0 + 0 + (6 - 3)
-1
(-8 - -18) + (4 - 17)
-3
-6 - 1 - (-15 + 10)
-2
What is the value of (-1 + 7 - (18 - 15)) + -5?
-2
What is the value of -151 - -150 - (3 - 0)?
-4
3 + (-6 - (-13 - -13))
-3
-1 - (-2 - 1 - (-14 + 12))
0
(-7 - (-4 - 1)) + 7
5
What is (-4 - -4) + (0 - 2)?
-2
Calculate -6 - 2 - (-11 - -9).
-6
What is the value of -1 - -2 - -6 - (25 - 23)?
5
Evaluate -2 + (-1 - -1 - 0).
-2
Calculate 4 + -8 + 5 + 8 + -9.
0
Evaluate -7 + (-1 - -4) - -3.
-1
What is -1 + (0 - (0 - (7 - 3)))?
3
What is the value of (-7 - (5 + -7)) + 5?
0
Evaluate -1 - (0 + (3 + -6 - -5)).
-3
Evaluate 3 - ((0 - -4) + -4).
3
What is 1 - (8 + 9 - 7)?
-9
(-2 - 1) + 4 + -2 + -1
-2
What is the value of (0 - -10) + -1 + -5?
4
What is the value of -6 - (-6 + (-2 - -1))?
1
What is the value of (-14 - (-4 - 3)) + 7?
0
Evaluate -19 + 10 - -8 - (-3 - -9).
-7
Evaluate (-28 - -14) + 18 - (1 - -1).
2
What is -9 + 6 + -1 - (0 + -1)?
-3
Evaluate -8 + (-4 - -8) + 3.
-1
Calculate (6 + 2 - 4 - 5) + 2.
1
-10 - (-3 + -6 - 5)
4
What is the value of (-10 - 11) + (17 - 6)?
-10
What is the value of (-6 - (7 + -18)) + -3?
2
Calculate 0 + -2 - 0 - -11.
9
What is the value of -15 - -7 - -1 - (-1 + -6)?
0
Calculate -5 - -5 - (-2 + -1).
3
-1 + (-5 - (-7 - -1))
0
What is 7 + -6 + 11 + -6?
6
Evaluate -1 + 3 + (9 + -4 - 6).
1
Calculate (-6 + -5 - -5) + 3 + 7.
4
What is 26 - 29 - (-3 - 1) - 4?
-3
4 + (-7 - 0) + (-8 - -11)
0
What is 43 + -44 - (1 - -3)?
-5
Evaluate (-6 - (-5 - 2)) + (-3 - 3).
-5
What is the value of (-4 - -15) + -4 + -4?
3
What is (107 - 114) + (-2 + 1 - -14)?
6
((-8 - -4) + -1 - -9) + 1
5
What is -3 + (7 - 5 - 5)?
-6
11 - (0 + 10 - (28 - 24))
5
What is (1 - 3 - 2) + (0 - 0)?
-4
-4 + (-13 - -23 - -1)
7
Calculate (5 - (2 - -5)) + 1.
-1
10 + -3 + -4 + 2
5
Calculate -2 + 8 + -1 - 5 - 2.
-2
Calculate 4 - (-4 - 7) - 12.
3
Evaluate -5 + 4 - -1 - (-1 + -4).
5
What is the value of 6 + (2 - (12 - 0))?
-4
What is the value of -2 + -9 + 19 + -11?
-3
What is -40 - -43 - (-1 + -2)?
6
Evaluate 7 - (0 + -5 + 8 + -3).
7
What is -131 + 125 + (0 - (1 - -1))?
-8
Evaluate -2 + 8 + (-11 - -9).
4
Calculate -1 + (5 - 10 - -15).
9
Calculate -2 - 1 - (-16 - -21).
-8
Evaluate 0 + (0 - 4) + 9.
5
Evaluate -7 - (1 + 0) - (-77 - -62).
7
Calculate 0 + (-2 - -6) + -1 + -3.
0
What is 2 - -1 - (1 + 1 - -4)?
-3
(1 - (-5 - -2)) + 1
5
Evaluate 1 - (3 + -6 + 9).
-5
What is the value of 3 - (-2 - -10) - (-6 + -3)?
4
What is (2 - (1 - 4) - 11) + 6?
0
Calculate 6 + (6 - -7) + -13.
6
-6 + -4 + 1 - -1
-8
What is the value of 2 + (4 - (3 + 6 + 0))?
-3
-10 - -6 - -3 - (-6 - 0)
5
What is -1 + 1 + (-3 - -5) + -7?
-5
What is -9 + 12 + (-7 - -8) - -3?
7
What is 3 - (4 + (7 - 3))?
-5
-3 - (-8 - -4) - -5 - 9
-3
Evaluate (0 - -5) + 85 + -83.
7
What is 10 + -4 + -4 + -4?
-2
-5 - ((-9 - 0) + 11)
-7
3 + 5 + (9 - 12)
5
What is the value of -1 + (-1 - (-1 + -2))?
1
Evaluate (-6 - -12 - 17) + 19.
8
Evaluate 1 - ((4 - 3) + 2).
-2
Calculate 7 - ((0 - -2) + 2).
3
Evaluate 1 - (6 - 4 - (-4 - 0)).
-5
Evaluate (1 - 1) + (-6 - (8 - 19)).
5
-14 - (1 + -9 - -2)
-8
Calculate (0 - 2) + (-1 - -6).
3
What is the value of 0 + -5 - (34 - 41) - 5?
-3
Evaluate 0 + -5 + 3 + 7 + -2.
3
Evaluate -1 - (-1 + -2) - (6 + -5).
1
-8 + 9 + 3 + -6
-2
Evaluate -4 + 0 - -1 - -6.
3
What is 16 - 11 - (-3 - 2 - -3)?
7
Calculate 7 - -1 - (5 - (4 + -2)).
5
Calculate -2 + 1 + -4 + 2 + 8.
5
What is the value of (-14 - (-8 + 3)) + 5?
-4
(-8 - -8) + (-1 - 0)
-1
What is the value of 5 + 0 + 1 + (-271 - -265)?
0
3 - (3 + 2 + (-3 - 1))
2
Calculate (-6 - -1) + 5 + 5.
5
What is the value of -3 + -2 - (-8 + 7 + -5)?
1
Evaluate -3 - -9 - 5 - -4.
5
What is -7 + 8 - (-3 + -2)?
6
Evaluate -2 - 3 - (0 + (-3 - 1)).
-1
What is the va